 composite number?
True
Is 6120427 a composite number?
False
Is 2267159 a composite number?
False
Is 997333 a prime number?
True
Is 109875847 prime?
True
Is 59581083 a composite number?
True
Is 30062917 a prime number?
True
Is 3079271 composite?
True
Is 2874397 composite?
True
Is 16430467 prime?
True
Is 162144781 prime?
True
Is 557003 a composite number?
True
Is 399156937 prime?
True
Is 59019929 a composite number?
False
Is 39766817 a composite number?
False
Is 1539557 a composite number?
False
Is 147857513 a composite number?
True
Is 5022221 a prime number?
True
Is 10897603 a composite number?
False
Is 66795041 composite?
False
Is 4189793 prime?
True
Is 19603741 composite?
True
Is 661849 a prime number?
True
Is 5785391 a prime number?
True
Is 1894387 a composite number?
True
Is 4630117 prime?
False
Is 19395887 composite?
True
Is 880241471 composite?
False
Is 17250862 prime?
False
Is 103139789 composite?
False
Is 27557027 prime?
True
Is 25359211 composite?
False
Is 35909039 prime?
True
Is 602543 composite?
False
Is 4780793 composite?
True
Is 7394599 prime?
True
Is 702201 a prime number?
False
Is 12714947 composite?
True
Is 108178513 composite?
False
Is 92788963 composite?
False
Is 6130907 a prime number?
True
Is 45806465 a composite number?
True
Is 34030483 a prime number?
False
Is 4612429 prime?
False
Is 21989 composite?
True
Is 4609853 composite?
True
Is 32662969 a prime number?
False
Is 62999189 a prime number?
False
Is 807881 composite?
True
Is 3899233 a composite number?
True
Is 2204281 prime?
False
Is 108469759 prime?
True
Is 134958251 a prime number?
True
Is 1037971723 a composite number?
True
Is 283447 composite?
False
Is 232112899 prime?
True
Is 322538935 composite?
True
Is 16897163 a prime number?
True
Is 427547998 a composite number?
True
Is 16290217 prime?
True
Is 6240631 a prime number?
True
Is 2579081 composite?
False
Is 266017193 a prime number?
False
Is 20728009 composite?
False
Is 8361833 composite?
False
Is 5442595 a prime number?
False
Is 979451105 composite?
True
Is 215630641 a prime number?
True
Is 12298193 a prime number?
False
Is 58968847 a prime number?
False
Is 218100053 a composite number?
True
Is 4004591 prime?
True
Is 14781961 prime?
False
Is 4927921 prime?
True
Is 12638481 prime?
False
Is 107855879 a composite number?
True
Is 264957499 a composite number?
True
Is 49967881 prime?
True
Is 57347673 a prime number?
False
Is 2276891 composite?
True
Is 2068334 prime?
False
Is 12667697 prime?
False
Is 198915407 composite?
False
Is 315044983 composite?
True
Is 154939703 a prime number?
False
Is 182523073 composite?
False
Is 76895491 a prime number?
False
Is 640183 prime?
False
Is 45233882 prime?
False
Is 46630391 a composite number?
True
Is 3971927 a composite number?
True
Is 8266421 prime?
False
Is 435397 a composite number?
False
Is 278836387 a prime number?
True
Is 17758739 prime?
True
Is 791807 a composite number?
True
Is 9799597 composite?
True
Is 28065029 composite?
False
Is 5294269 a prime number?
False
Is 4145777 a composite number?
False
Is 792223 a composite number?
False
Is 115574161 a prime number?
True
Is 68965033 prime?
True
Is 10242286 composite?
True
Is 689591993 prime?
False
Is 8605671 a prime number?
False
Is 3724907 a composite number?
False
Is 56121133 prime?
True
Is 17631127 a composite number?
False
Is 5553349 prime?
True
Is 1451137 a composite number?
True
Is 20981599 a prime number?
False
Is 40814 a prime number?
False
Is 61296997 prime?
True
Is 17669303 prime?
True
Is 835357013 composite?
True
Is 11440291 a composite number?
False
Is 11133593 composite?
True
Is 1751207 composite?
False
Is 12584735 a composite number?
True
Is 368138633 composite?
False
Is 455384857 composite?
False
Is 5873227 a composite number?
False
Is 2753599 composite?
False
Is 2994361 prime?
True
Is 562023871 composite?
True
Is 1758221 a prime number?
True
Is 5964313 a prime number?
True
Is 3876869 a prime number?
True
Is 3420961 a composite number?
True
Is 10986251 composite?
False
Is 247331263 prime?
True
Is 125702341 prime?
True
Is 5631953 a composite number?
True
Is 14789029 a prime number?
True
Is 322220393 prime?
False
Is 213119 a prime number?
True
Is 26346769 a prime number?
True
Is 106370119 prime?
True
Is 2186857 a composite number?
False
Is 264683999 composite?
True
Is 796288645 prime?
False
Is 924299 a composite number?
False
Is 12133391 prime?
True
Is 603989 prime?
True
Is 154144409 a prime number?
True
Is 288226577 prime?
True
Is 14393609 a composite number?
True
Is 1445817 a prime number?
False
Is 1794011 prime?
False
Is 19775071 a composite number?
True
Is 593678977 prime?
True
Is 30619217 a composite number?
False
Is 3064703 a prime number?
True
Is 21558031 a composite number?
True
Is 273946471 a prime number?
False
Is 113276977 a composite number?
True
Is 40930647 composite?
True
Is 3287195 a composite number?
True
Is 857453 a composite number?
False
Is 55255133 a prime number?
True
Is 3162229 a prime number?
False
Is 1974293 a prime number?
False
Is 1939331 a composite number?
False
Is 518990039 composite?
True
Is 933432961 composite?
False
Is 1235363 composite?
False
Is 4329697 a composite number?
False
Is 9350227 a prime number?
False
Is 371004351 a prime number?
False
Is 3261617 a composite number?
False
Is 1091749 a composite number?
False
Is 513239 prime?
True
Is 727606657 a prime number?
True
Is 959951 prime?
False
Is 68794199 a prime number?
True
Is 36705439 a prime number?
True
Is 422903 a prime number?
False
Is 14048399 prime?
True
Is 21820235 a prime number?
False
Is 133033333 a composite number?
True
Is 55610531 composite?
False
Is 21088761 a composite number?
True
Is 9767029 a composite number?
False
Is 1883719 prime?
False
Is 75935309 composite?
False
Is 53869973 a composite number?
True
Is 51329557 prime?
True
Is 4763443 a prime number?
True
Is 98270903 a composite number?
False
Is 1338059 composite?
True
Is 483739 composite?
True
Is 5665307 a composite number?
True
Is 23326309 prime?
True
Is 795811 prime?
False
Is 4153159 a prime number?
True
Is 7594481 a composite number?
False
Is 7756977 a composite number?
True
Is 12733517 a composite number?
True
Is 48490597 prime?
True
Is 2643127 a prime number?
False
Is 192529 a composite number?
False
Is 1238903 a prime number?
True
Is 250882 a prime number?
False
Is 126033143 a composite number?
True
Is 6707242 a composite number?
True
Is 19826933 prime?
False
Is 613291 a composite number?
True
Is 116867 composite?
False
Is 42389749 prime?
True
Is 29096063 a prime number?
False
Is 398324357 composite?
False
Is 890053 composite?
False
Is 139973321 prime?
True
Is 7150679 a composite number?
True
Is 8193387 a prime number?
False
Is 7409027 prime?
False
Is 3974473 a composite number?
True
Is 4948247 prime?
True
Is 7107629 a composite number?
True
Is 74890577 a prime number?
False
Is 2296727 a composite number?
False
Is 71594783 composite?
True
Is 35394937 a prime number?
False
Is 1837529 prime?
True
Is 6981551 a composite number?
False
Is 83726611 a prime number?
True
Is 19631879 prime?
False
Is 35447993 a composite number?
True
Is 4690679 prime?
False
Is 341344079 a composite number?
True
Is 179926421 a prime number?
True
Is 308738803 prime?
True
Is 336601453 a prime number?
True
Is 48325703 a prime number?
True
Is 4981357 a prime number?
False
Is 208055 a composite number?
True
Is 49858621 a prime number?
True
Is 32832221 prime?
False
Is 2076523 a composite number?
True
Is 2619565681 prime?
True
Is 143825299 a prime number?
True
Is 863479 prime?
True
Is 20093555 a prime number?
False
Is 932471 prime?
True
Is 260008637 a composite number?
True
Is 28280599 a prime number?
True
Is 4854202 prime?
False
Is 35700353 a prime number?
False
Is 635633 prime?
False
Is 7381841 a prime number?
True
Is 1721977 composite?
True
Is 513715949 a composite number?
False
Is 120324287 a composite number?
False
Is 121449997 a composite number?
False
Is 51210067 a prime number?
False
Is 19616869 a prime number?
True
Is 136623119 prime?
True
Is 262803997 composite?
False
Is 1903751 a composite number?
True
Is 7159241 prime?
False
Is 2489309 composite?
False
Is 40893173 a prime number?
False
Is 3344365 prime?
False
Is 18743069 a prime number?
True
Is 8585261 composite?
False
